188691 composite?
True
Is 22776850819 composite?
True
Is 545763131 prime?
False
Is 4137448291 a prime number?
False
Is 472654211 composite?
True
Is 4604841977 a prime number?
True
Is 784122461 composite?
False
Is 7146934391 a composite number?
True
Is 2730312157 composite?
False
Is 5936018587 composite?
True
Is 2328529013 a prime number?
True
Is 14992472793 composite?
True
Is 27033343 a prime number?
True
Is 8254314007 composite?
True
Is 3150181081 a prime number?
False
Is 4335189931 prime?
False
Is 4662543781 composite?
True
Is 96446593 prime?
False
Is 1015630739 a composite number?
True
Is 14117603161 a prime number?
False
Is 302123777 a prime number?
True
Is 209206187 prime?
True
Is 860127491 a composite number?
False
Is 8605750453 a prime number?
False
Is 11005266827 a prime number?
False
Is 1999709273 a composite number?
True
Is 2738299901 a composite number?
False
Is 191317773877 composite?
False
Is 233554679 a prime number?
True
Is 5828712319 a prime number?
False
Is 73447626661 a prime number?
False
Is 2690212183 prime?
True
Is 5620109351 prime?
False
Is 1379863193 composite?
True
Is 1267444883 a composite number?
True
Is 2074115273 a prime number?
True
Is 145107961617 composite?
True
Is 2743635493 a composite number?
False
Is 935433263 a prime number?
False
Is 4664810923 prime?
True
Is 38596732307 composite?
True
Is 7986516961 prime?
True
Is 6192183103 a prime number?
False
Is 4212721003 composite?
True
Is 48641288669 composite?
False
Is 47698733 a prime number?
False
Is 402228641 composite?
False
Is 722109271 prime?
False
Is 220307411 a composite number?
False
Is 1659068231 prime?
False
Is 3484985423 a composite number?
True
Is 35645085347 composite?
True
Is 165008839 composite?
False
Is 919370741 prime?
False
Is 15085134167 a prime number?
False
Is 139716869 a composite number?
False
Is 1249638031 prime?
True
Is 3264533 composite?
False
Is 167550937237 composite?
False
Is 30715218437 prime?
False
Is 5394376649 a prime number?
False
Is 4137631573 a composite number?
False
Is 906931799 a composite number?
False
Is 1321417379 a composite number?
False
Is 32098254883 prime?
False
Is 68029628486 composite?
True
Is 8946092027 a prime number?
False
Is 10469521 a prime number?
True
Is 620898979 prime?
True
Is 16246746757 composite?
False
Is 668932003 a composite number?
False
Is 19950187319 a composite number?
False
Is 5807360011 a prime number?
True
Is 354786359 composite?
False
Is 13582554901 prime?
False
Is 71613519941 a prime number?
True
Is 42522919 composite?
True
Is 5146080473 composite?
False
Is 153487448251 a prime number?
False
Is 28894222793 a composite number?
True
Is 27815364697 a composite number?
True
Is 2106419261 a composite number?
False
Is 5994942623 prime?
False
Is 4954363657 prime?
False
Is 113320720183 prime?
False
Is 8219368607 prime?
False
Is 1053142903 a composite number?
False
Is 475228091 composite?
True
Is 532236722009 a prime number?
True
Is 253543821 a prime number?
False
Is 1336638793 composite?
True
Is 48604949891 prime?
True
Is 551807175449 prime?
True
Is 5166480211 prime?
False
Is 1406618321 a composite number?
True
Is 16217893 prime?
True
Is 2487153749 composite?
True
Is 1704208235 composite?
True
Is 2870900947 a composite number?
True
Is 6435732299 a composite number?
True
Is 11308496609 composite?
True
Is 5612423611 composite?
False
Is 2247989 a composite number?
True
Is 99904967849 a prime number?
True
Is 47953924769 a composite number?
True
Is 228985639 a composite number?
False
Is 1078033893 prime?
False
Is 228930987341 prime?
False
Is 5613938393 composite?
True
Is 124631618561 prime?
True
Is 66247205807 composite?
True
Is 1552381667 prime?
True
Is 15171239211 prime?
False
Is 13365219679 a composite number?
True
Is 4055173117 composite?
True
Is 127548919 a composite number?
True
Is 1632177277 a prime number?
False
Is 501668879 prime?
True
Is 81172485421 a composite number?
False
Is 1179505969 prime?
True
Is 5912729227 a composite number?
False
Is 592825283 a prime number?
True
Is 99322831603 prime?
False
Is 12524352593 prime?
True
Is 7330643767 a prime number?
True
Is 17891850953 a prime number?
True
Is 5066897159 composite?
False
Is 23756143777 a prime number?
False
Is 3063694363 a prime number?
True
Is 22892923397 a prime number?
True
Is 1259946529 a composite number?
True
Is 5460316517 a prime number?
True
Is 3147476291 a prime number?
True
Is 199509631 a prime number?
True
Is 2459745851 prime?
False
Is 2890984141 a prime number?
True
Is 1245698537 composite?
False
Is 1363444057 prime?
True
Is 739726717 prime?
True
Is 487885829 a prime number?
False
Is 550720337 prime?
False
Is 37167018835 composite?
True
Is 10788787687 a prime number?
True
Is 311752979 composite?
False
Is 7608384913 a composite number?
False
Is 1876406251 composite?
False
Is 19476146957 a prime number?
True
Is 1198314799 prime?
False
Is 3435273749 a prime number?
False
Is 2602898429 prime?
True
Is 63775182283 prime?
False
Is 53405518031 a composite number?
False
Is 32108821 prime?
True
Is 298249697 a prime number?
True
Is 15001634231 a composite number?
True
Is 1136037007 a composite number?
True
Is 14987687173 prime?
False
Is 2983548727 a prime number?
False
Is 2486275261 prime?
True
Is 10235913269 composite?
False
Is 4711924909 composite?
False
Is 118905103 a composite number?
False
Is 27056881 a composite number?
True
Is 527765321 a prime number?
True
Is 21937701871 prime?
True
Is 7148484419 composite?
False
Is 9946639039 composite?
True
Is 2079941107 prime?
True
Is 715709947 prime?
True
Is 8528551231 a prime number?
False
Is 203564267 a composite number?
False
Is 518364853 composite?
False
Is 85332959 a composite number?
True
Is 7946368597 a composite number?
True
Is 519421633 a prime number?
False
Is 5547901487 a composite number?
False
Is 420525427 a prime number?
False
Is 4668947069 composite?
False
Is 16691864023 a prime number?
False
Is 1614752747 a composite number?
False
Is 721753055 a composite number?
True
Is 224294992681 a prime number?
True
Is 100032081803 a composite number?
True
Is 613874299 a prime number?
True
Is 40550932258 a prime number?
False
Is 46630556651 prime?
False
Is 5274211331 composite?
False
Is 4801118471 a composite number?
False
Is 3545705873 composite?
False
Is 161203467247 a prime number?
False
Is 146266872767 a composite number?
False
Is 9926400607 prime?
True
Is 1494066187 a composite number?
True
Is 15707602597 composite?
False
Is 3180101069 a prime number?
True
Is 5118118789 prime?
False
Is 8023241651 a composite number?
False
Is 308263793 prime?
True
Is 1956579619 a composite number?
False
Is 54040198813 a composite number?
False
Is 3171006467 a composite number?
False
Is 4425696287 prime?
True
Is 4456373303 prime?
False
Is 136554344713 a composite number?
False
Is 1947770737 prime?
False
Is 15966861103 prime?
False
Is 16822805597 prime?
False
Is 5418089089 prime?
False
Is 1066519417 a composite number?
True
Is 14814242123 a composite number?
True
Is 42018305597 a prime number?
False
Is 36220666633 a prime number?
False
Is 6876881885 a prime number?
False
Is 3891259681 prime?
True
Is 2856901871 composite?
False
Is 96765813343 composite?
False
Is 3961719769 prime?
False
Is 87669346811 a composite number?
False
Is 22207128941 prime?
False
Is 13512777533 composite?
True
Is 1070949007 composite?
False
Is 6320050777 a composite number?
False
Is 9297208685 a prime number?
False
Is 4343697433 prime?
True
Is 20769977677 prime?
False
Is 2137965269 a composite number?
True
Is 6363491503 a prime number?
False
Is 14726516069 prime?
False
Is 78301282863 a prime number?
False
Is 1822891451 a prime number?
True
Is 813430043 a prime number?
False
Is 2059814459 prime?
True
Is 4508375987 a prime number?
True
Is 98903304169 a composite number?
False
Is 202199917 composite?
False
Is 18793009 a prime number?
False
Is 94046759839 a composite number?
True
Is 593338937 a composite number?
False
Is 2589947713 a prime number?
True
Is 49514274503 a prime number?
False
Is 31279691395 a prime number?
False
Is 3137535883 composite?
True
Is 2594307239 a prime number?
False
Is 25076134009 prime?
True
Is 12519606739 composite?
True
Is 1349229283 a composite number?
False
Is 1040815739 a composite number?
False
Is 1484